 10266 is divided by 102?
66
Calculate the remainder when 5333 is divided by 5322.
11
Calculate the remainder when 3224381 is divided by 607.
604
What is the remainder when 6368 is divided by 167?
22
Calculate the remainder when 152209 is divided by 83.
70
Calculate the remainder when 12239 is divided by 406.
59
What is the remainder when 2643 is divided by 221?
212
What is the remainder when 1558 is divided by 195?
193
What is the remainder when 73710 is divided by 17?
15
What is the remainder when 22766 is divided by 11382?
2
Calculate the remainder when 18321 is divided by 278.
251
Calculate the remainder when 87263 is divided by 234.
215
What is the remainder when 238948 is divided by 75?
73
What is the remainder when 6952 is divided by 211?
200
What is the remainder when 9925 is divided by 1254?
1147
What is the remainder when 155006 is divided by 51662?
20
What is the remainder when 1176357 is divided by 12?
9
What is the remainder when 43616 is divided by 33?
23
What is the remainder when 835 is divided by 834?
1
Calculate the remainder when 18164 is divided by 336.
20
Calculate the remainder when 164840 is divided by 43.
21
What is the remainder when 5371 is divided by 320?
251
What is the remainder when 40383 is divided by 20149?
85
What is the remainder when 6247 is divided by 446?
3
What is the remainder when 11051 is divided by 1001?
40
What is the remainder when 76137 is divided by 79?
60
Calculate the remainder when 60132 is divided by 15032.
4
What is the remainder when 5641508 is divided by 83?
81
Calculate the remainder when 16884 is divided by 16846.
38
Calculate the remainder when 16771 is divided by 2090.
51
What is the remainder when 966482 is divided by 483238?
6
Calculate the remainder when 601 is divided by 310.
291
Calculate the remainder when 6248 is divided by 75.
23
What is the remainder when 6320 is divided by 6?
2
Calculate the remainder when 17026 is divided by 26.
22
What is the remainder when 9591 is divided by 9537?
54
What is the remainder when 13199 is divided by 1318?
19
Calculate the remainder when 7468 is divided by 1849.
72
What is the remainder when 33066 is divided by 35?
26
Calculate the remainder when 2237 is divided by 242.
59
Calculate the remainder when 406 is divided by 179.
48
Calculate the remainder when 619848 is divided by 93.
3
Calculate the remainder when 1679 is divided by 15.
14
What is the remainder when 307 is divided by 13?
8
What is the remainder when 30895 is divided by 10283?
46
What is the remainder when 307622 is divided by 307606?
16
What is the remainder when 1363624 is divided by 125?
124
Calculate the remainder when 1683 is divided by 144.
99
What is the remainder when 16335 is divided by 546?
501
Calculate the remainder when 6294 is divided by 349.
12
Calculate the remainder when 10196 is divided by 8539.
1657
Calculate the remainder when 16301 is divided by 50.
1
Calculate the remainder when 128340 is divided by 90.
0
What is the remainder when 2443 is divided by 820?
803
Calculate the remainder when 3479 is divided by 292.
267
What is the remainder when 4293 is divided by 1974?
345
What is the remainder when 283359 is divided by 385?
384
Calculate the remainder when 147728 is divided by 1555.
3
Calculate the remainder when 322449 is divided by 20153.
1
Calculate the remainder when 728860 is divided by 429.
418
What is the remainder when 29174 is divided by 239?
16
What is the remainder when 153089 is divided by 1701?
1700
Calculate the remainder when 6686 is divided by 3324.
38
What is the remainder when 14424 is divided by 874?
440
Calculate the remainder when 13006 is divided by 389.
169
Calculate the remainder when 341049 is divided by 190.
189
What is the remainder when 3248 is divided by 786?
104
What is the remainder when 2176 is divided by 21?
13
Calculate the remainder when 7352 is divided by 33.
26
What is the remainder when 6885 is divided by 212?
101
What is the remainder when 289885 is divided by 13?
11
Calculate the remainder when 8917 is divided by 2061.
673
Calculate the remainder when 4095 is divided by 269.
60
What is the remainder when 2935 is divided by 332?
279
What is the remainder when 257350 is divided by 387?
382
Calculate the remainder when 447874 is divided by 12.
10
Calculate the remainder when 67737 is divided by 797.
789
What is the remainder when 34417 is divided by 94?
13
What is the remainder when 10886 is divided by 25?
11
What is the remainder when 18545 is divided by 371?
366
What is the remainder when 25036 is divided by 500?
36
Calculate the remainder when 120392 is divided by 215.
207
What is the remainder when 2840394 is divided by 80?
74
Calculate the remainder when 16703 is divided by 72.
71
What is the remainder when 243636 is divided by 1918?
50
What is the remainder when 32596 is divided by 519?
418
Calculate the remainder when 371018 is divided by 13.
11
Calculate the remainder when 3134 is divided by 858.
560
What is the remainder when 299148 is divided by 50?
48
What is the remainder when 257157 is divided by 128573?
11
Calculate the remainder when 21373 is divided by 1956.
1813
Calculate the remainder when 247069 is divided by 33.
31
Calculate the remainder when 59357 is divided by 134.
129
Calculate the remainder when 29264 is divided by 4179.
11
Calculate the remainder when 4895 is divided by 379.
347
Calculate the remainder when 4924 is divided by 541.
55
Calculate the remainder when 1232 is divided by 526.
180
What is the remainder when 2299 is divided by 827?
645
Calculate the remainder when 19439 is divided by 356.
215
What is the remainder when 513 is divided by 71?
16
What is the remainder when 51825 is divided by 146?
141
What is the remainder when 158221 is divided by 16?
13
What is the remainder when 834 is divided by 287?
260
Calculate the remainder when 764 is divided by 38.
4
Calculate the remainder when 6085 is divided by 161.
128
Calculate the remainder when 272559 is divided by 69.
9
What is the remainder when 27958 is divided by 1177?
887
What is the remainder when 483597 is divided by 104?
101
What is the remainder when 80368 is divided by 124?
16
Calculate the remainder when 282088 is divided by 30.
28
Calculate the remainder when 28084 is divided by 41.
40
Calculate the remainder when 141882 is divided by 257.
18
Calculate the remainder when 7515 is divided by 155.
75
Calculate the remainder when 651017 is divided by 108.
101
Calculate the remainder when 5921 is divided by 242.
113
What is the remainder when 47135 is divided by 4?
3
What is the remainder when 2984 is divided by 353?
160
Calculate the remainder when 1427118 is divided by 21.
0
What is the remainder when 622 is divided by 21?
13
What is the remainder when 84866 is divided by 1179?
1157
What is the remainder when 431048 is divided by 2799?
2
What is the remainder when 2933 is divided by 18?
17
Calculate the remainder when 17514 is divided by 149.
81
Calculate the remainder when 73670 is divided by 340.
230
What is the remainder when 34690 is divided by 11557?
19
What is the remainder when 86349 is divided by 1660?
29
What is the remainder when 372293 is divided by 173?
170
What is the remainder when 10786 is divided by 10691?
95
What is the remainder when 262704 is divided by 46?
44
Calculate the remainder when 10996 is divided by 6.
4
What is the remainder when 11566 is divided by 1015?
401
Calculate the remainder when 2359 is divided by 782.
13
Calculate the remainder when 81101 is divided by 81081.
20
Calculate the remainder when 2897 is divided by 263.
4
Calculate the remainder when 11949 is divided by 1988.
21
Calculate the remainder when 9945 is divided by 23.
9
What is the remainder when 64869 is divided by 36?
33
Calculate the remainder when 9820 is divided by 61.
60
What is the remainder when 1218 is divided by 91?
35
What is the remainder when 10132 is divided by 21?
10
What is the remainder when 84699 is divided by 22?
21
Calculate the remainder when 81991 is divided by 774.
721
Calculate the remainder when 108072 is divided by 127.
122
Calculate the remainder when 10334 is divided by 3444.
2
Calculate the remainder when 12005412 is divided by 1107.
1104
What is the remainder when 13660 is divided by 6784?
92
What is the remai